{"id":192,"date":"2024-04-13T11:00:07","date_gmt":"2024-04-13T11:00:07","guid":{"rendered":"https:\/\/mascotas.academia21brillos.com\/?page_id=192"},"modified":"2024-10-18T18:58:15","modified_gmt":"2024-10-18T18:58:15","slug":"contacto","status":"publish","type":"page","link":"https:\/\/mascotas.academia21brillos.com\/index.php\/contacto\/","title":{"rendered":"CONTACTO"},"content":{"rendered":"\t\t<div data-elementor-type=\"wp-page\" data-elementor-id=\"192\" class=\"elementor elementor-192\" data-elementor-post-type=\"page\">\n\t\t\t\t\t\t<section class=\"elementor-section elementor-top-section elementor-element elementor-element-68c6b962 elementor-section-boxed elementor-section-height-default elementor-section-height-default\" data-id=\"68c6b962\" data-element_type=\"section\" data-e-type=\"section\" data-settings=\"{&quot;background_background&quot;:&quot;classic&quot;}\">\n\t\t\t\t\t\t<div class=\"elementor-container elementor-column-gap-default\">\n\t\t\t\t\t<div class=\"elementor-column elementor-col-50 elementor-top-column elementor-element elementor-element-41bb4673\" data-id=\"41bb4673\" data-element_type=\"column\" data-e-type=\"column\">\n\t\t\t<div class=\"elementor-widget-wrap elementor-element-populated\">\n\t\t\t\t\t\t<div class=\"elementor-element elementor-element-16f9292c elementor-widget elementor-widget-spacer\" data-id=\"16f9292c\" data-element_type=\"widget\" data-e-type=\"widget\" data-widget_type=\"spacer.default\">\n\t\t\t\t<div class=\"elementor-widget-container\">\n\t\t\t\t\t\t\t<div class=\"elementor-spacer\">\n\t\t\t<div class=\"elementor-spacer-inner\"><\/div>\n\t\t<\/div>\n\t\t\t\t\t\t<\/div>\n\t\t\t\t<\/div>\n\t\t\t\t\t<\/div>\n\t\t<\/div>\n\t\t\t\t<div class=\"elementor-column elementor-col-50 elementor-top-column elementor-element elementor-element-7dc28889\" data-id=\"7dc28889\" data-element_type=\"column\" data-e-type=\"column\">\n\t\t\t<div class=\"elementor-widget-wrap elementor-element-populated\">\n\t\t\t\t\t\t<div class=\"elementor-element elementor-element-4a5a718c elementor-widget__width-auto elementor-invisible elementor-widget elementor-widget-image\" data-id=\"4a5a718c\" data-element_type=\"widget\" data-e-type=\"widget\" data-settings=\"{&quot;_animation&quot;:&quot;zoomIn&quot;,&quot;_animation_delay&quot;:500}\" data-widget_type=\"image.default\">\n\t\t\t\t<div class=\"elementor-widget-container\">\n\t\t\t\t\t\t\t\t\t\t\t\t\t\t\t<img decoding=\"async\" width=\"34\" height=\"44\" src=\"https:\/\/mascotas.academia21brillos.com\/wp-content\/uploads\/2024\/06\/particles_7.png\" class=\"attachment-large size-large wp-image-406\" alt=\"\" \/>\t\t\t\t\t\t\t\t\t\t\t\t\t\t\t<\/div>\n\t\t\t\t<\/div>\n\t\t\t\t<div class=\"elementor-element elementor-element-32e3683 elementor-widget elementor-widget-heading\" data-id=\"32e3683\" data-element_type=\"widget\" data-e-type=\"widget\" data-widget_type=\"heading.default\">\n\t\t\t\t<div class=\"elementor-widget-container\">\n\t\t\t\t\t<h2 class=\"elementor-heading-title elementor-size-default\">El amor de una mascota transforma los d\u00edas ordinarios en momentos extraordinarios.<\/h2>\t\t\t\t<\/div>\n\t\t\t\t<\/div>\n\t\t\t\t\t<\/div>\n\t\t<\/div>\n\t\t\t\t\t<\/div>\n\t\t<\/section>\n\t\t\t\t<section class=\"elementor-section elementor-top-section elementor-element elementor-element-3ec7af5 elementor-section-boxed elementor-section-height-default elementor-section-height-default\" data-id=\"3ec7af5\" data-element_type=\"section\" data-e-type=\"section\">\n\t\t\t\t\t\t<div class=\"elementor-container elementor-column-gap-default\">\n\t\t\t\t\t<div class=\"elementor-column elementor-col-100 elementor-top-column elementor-element elementor-element-c1e46f5\" data-id=\"c1e46f5\" data-element_type=\"column\" data-e-type=\"column\">\n\t\t\t<div class=\"elementor-widget-wrap elementor-element-populated\">\n\t\t\t\t\t\t<section class=\"elementor-section elementor-inner-section elementor-element elementor-element-07e0a4e elementor-section-boxed elementor-section-height-default elementor-section-height-default\" data-id=\"07e0a4e\" data-element_type=\"section\" data-e-type=\"section\" data-settings=\"{&quot;background_background&quot;:&quot;classic&quot;}\">\n\t\t\t\t\t\t<div class=\"elementor-container elementor-column-gap-default\">\n\t\t\t\t\t<div class=\"elementor-column elementor-col-50 elementor-inner-column elementor-element elementor-element-55a68df\" data-id=\"55a68df\" data-element_type=\"column\" data-e-type=\"column\">\n\t\t\t<div class=\"elementor-widget-wrap elementor-element-populated\">\n\t\t\t\t\t\t<div class=\"elementor-element elementor-element-09404ab elementor-widget elementor-widget-heading\" data-id=\"09404ab\" data-element_type=\"widget\" data-e-type=\"widget\" data-widget_type=\"heading.default\">\n\t\t\t\t<div class=\"elementor-widget-container\">\n\t\t\t\t\t<h5 class=\"elementor-heading-title elementor-size-default\">M\u00e1s informaci\u00f3n<\/h5>\t\t\t\t<\/div>\n\t\t\t\t<\/div>\n\t\t\t\t<div class=\"elementor-element elementor-element-97ab0d9 elementor-widget elementor-widget-text-editor\" data-id=\"97ab0d9\" data-element_type=\"widget\" data-e-type=\"widget\" data-widget_type=\"text-editor.default\">\n\t\t\t\t<div class=\"elementor-widget-container\">\n\t\t\t\t\t\t\t\t\t<p><strong>Email: info@academia21brillos.com<\/strong><\/p>\t\t\t\t\t\t\t\t<\/div>\n\t\t\t\t<\/div>\n\t\t\t\t<div class=\"elementor-element elementor-element-d6851ab elementor-widget elementor-widget-button\" data-id=\"d6851ab\" data-element_type=\"widget\" data-e-type=\"widget\" data-widget_type=\"button.default\">\n\t\t\t\t<div class=\"elementor-widget-container\">\n\t\t\t\t\t\t\t\t\t<div class=\"elementor-button-wrapper\">\n\t\t\t\t\t<a class=\"elementor-button elementor-button-link elementor-size-sm\" href=\"https:\/\/api.whatsapp.com\/send?phone=34626079890&#038;text=*Estoy%20en%20tu%20web%20y%20quiero%20mas%20informaci%C3%B3n%20sobre*\" target=\"_blank\">\n\t\t\t\t\t\t<span class=\"elementor-button-content-wrapper\">\n\t\t\t\t\t\t<span class=\"elementor-button-icon\">\n\t\t\t\t<i aria-hidden=\"true\" class=\"fab fa-whatsapp\"><\/i>\t\t\t<\/span>\n\t\t\t\t\t\t\t\t\t<span class=\"elementor-button-text\">WhatsApp.<\/span>\n\t\t\t\t\t<\/span>\n\t\t\t\t\t<\/a>\n\t\t\t\t<\/div>\n\t\t\t\t\t\t\t\t<\/div>\n\t\t\t\t<\/div>\n\t\t\t\t\t<\/div>\n\t\t<\/div>\n\t\t\t\t<div class=\"elementor-column elementor-col-50 elementor-inner-column elementor-element elementor-element-c907d89\" data-id=\"c907d89\" data-element_type=\"column\" data-e-type=\"column\">\n\t\t\t<div class=\"elementor-widget-wrap elementor-element-populated\">\n\t\t\t\t\t\t<div class=\"elementor-element elementor-element-3e1e581 elementor-widget elementor-widget-heading\" data-id=\"3e1e581\" data-element_type=\"widget\" data-e-type=\"widget\" data-widget_type=\"heading.default\">\n\t\t\t\t<div class=\"elementor-widget-container\">\n\t\t\t\t\t<h5 class=\"elementor-heading-title elementor-size-default\">Horario<\/h5>\t\t\t\t<\/div>\n\t\t\t\t<\/div>\n\t\t\t\t<div class=\"elementor-element elementor-element-b6ff288 elementor-widget elementor-widget-text-editor\" data-id=\"b6ff288\" data-element_type=\"widget\" data-e-type=\"widget\" data-widget_type=\"text-editor.default\">\n\t\t\t\t<div class=\"elementor-widget-container\">\n\t\t\t\t\t\t\t\t\t<p><b>Lunes &#8211; Viernes <\/b>09:00h &#8211; 19:00h<\/p>\n<p><strong>S\u00e1bados<\/strong> 10:00h &#8211; 14:00h<\/p>\t\t\t\t\t\t\t\t<\/div>\n\t\t\t\t<\/div>\n\t\t\t\t\t<\/div>\n\t\t<\/div>\n\t\t\t\t\t<\/div>\n\t\t<\/section>\n\t\t\t\t<div class=\"elementor-element elementor-element-2450ea0 elementor-widget elementor-widget-spacer\" data-id=\"2450ea0\" data-element_type=\"widget\" data-e-type=\"widget\" data-widget_type=\"spacer.default\">\n\t\t\t\t<div class=\"elementor-widget-container\">\n\t\t\t\t\t\t\t<div class=\"elementor-spacer\">\n\t\t\t<div class=\"elementor-spacer-inner\"><\/div>\n\t\t<\/div>\n\t\t\t\t\t\t<\/div>\n\t\t\t\t<\/div>\n\t\t\t\t\t<\/div>\n\t\t<\/div>\n\t\t\t\t\t<\/div>\n\t\t<\/section>\n\t\t\t\t<\/div>\n\t\t","protected":false},"excerpt":{"rendered":"<p>El amor de una mascota transforma los d\u00edas ordinarios en momentos extraordinarios. M\u00e1s informaci\u00f3n Email: info@academia21brillos.com WhatsApp. Horario Lunes &#8211; Viernes 09:00h &#8211; 19:00h S\u00e1bados 10:00h &#8211; 14:00h<\/p>\n","protected":false},"author":1,"featured_media":0,"parent":0,"menu_order":0,"comment_status":"closed","ping_status":"closed","template":"","meta":{"pmpro_default_level":"","footnotes":""},"class_list":["post-192","page","type-page","status-publish","hentry","pmpro-has-access"],"yoast_head":"<!-- This site is optimized with the Yoast SEO plugin v26.9 - https:\/\/yoast.com\/product\/yoast-seo-wordpress\/ -->\n<title>CONTACTO - Mascotas felices<\/title>\n<meta name=\"robots\" content=\"index, follow, max-snippet:-1, max-image-preview:large, max-video-preview:-1\" \/>\n<link rel=\"canonical\" href=\"https:\/\/mascotas.academia21brillos.com\/index.php\/contacto\/\" \/>\n<meta property=\"og:locale\" content=\"es_ES\" \/>\n<meta property=\"og:type\" content=\"article\" \/>\n<meta property=\"og:title\" content=\"CONTACTO - Mascotas felices\" \/>\n<meta property=\"og:description\" content=\"El amor de una mascota transforma los d\u00edas ordinarios en momentos extraordinarios. M\u00e1s informaci\u00f3n Email: info@academia21brillos.com WhatsApp. Horario Lunes &#8211; Viernes 09:00h &#8211; 19:00h S\u00e1bados 10:00h &#8211; 14:00h\" \/>\n<meta property=\"og:url\" content=\"https:\/\/mascotas.academia21brillos.com\/index.php\/contacto\/\" \/>\n<meta property=\"og:site_name\" content=\"Mascotas felices\" \/>\n<meta property=\"article:modified_time\" content=\"2024-10-18T18:58:15+00:00\" \/>\n<meta property=\"og:image\" content=\"https:\/\/mascotas.academia21brillos.com\/wp-content\/uploads\/2024\/06\/particles_7.png\" \/>\n\t<meta property=\"og:image:width\" content=\"34\" \/>\n\t<meta property=\"og:image:height\" content=\"44\" \/>\n\t<meta property=\"og:image:type\" content=\"image\/png\" \/>\n<meta name=\"twitter:card\" content=\"summary_large_image\" \/>\n<meta name=\"twitter:label1\" content=\"Tiempo de lectura\" \/>\n\t<meta name=\"twitter:data1\" content=\"1 minuto\" \/>\n<script type=\"application\/ld+json\" class=\"yoast-schema-graph\">{\"@context\":\"https:\/\/schema.org\",\"@graph\":[{\"@type\":\"WebPage\",\"@id\":\"https:\/\/mascotas.academia21brillos.com\/index.php\/contacto\/\",\"url\":\"https:\/\/mascotas.academia21brillos.com\/index.php\/contacto\/\",\"name\":\"CONTACTO - Mascotas felices\",\"isPartOf\":{\"@id\":\"https:\/\/mascotas.academia21brillos.com\/#website\"},\"primaryImageOfPage\":{\"@id\":\"https:\/\/mascotas.academia21brillos.com\/index.php\/contacto\/#primaryimage\"},\"image\":{\"@id\":\"https:\/\/mascotas.academia21brillos.com\/index.php\/contacto\/#primaryimage\"},\"thumbnailUrl\":\"https:\/\/mascotas.academia21brillos.com\/wp-content\/uploads\/2024\/06\/particles_7.png\",\"datePublished\":\"2024-04-13T11:00:07+00:00\",\"dateModified\":\"2024-10-18T18:58:15+00:00\",\"breadcrumb\":{\"@id\":\"https:\/\/mascotas.academia21brillos.com\/index.php\/contacto\/#breadcrumb\"},\"inLanguage\":\"es\",\"potentialAction\":[{\"@type\":\"ReadAction\",\"target\":[\"https:\/\/mascotas.academia21brillos.com\/index.php\/contacto\/\"]}]},{\"@type\":\"ImageObject\",\"inLanguage\":\"es\",\"@id\":\"https:\/\/mascotas.academia21brillos.com\/index.php\/contacto\/#primaryimage\",\"url\":\"https:\/\/mascotas.academia21brillos.com\/wp-content\/uploads\/2024\/06\/particles_7.png\",\"contentUrl\":\"https:\/\/mascotas.academia21brillos.com\/wp-content\/uploads\/2024\/06\/particles_7.png\",\"width\":34,\"height\":44},{\"@type\":\"BreadcrumbList\",\"@id\":\"https:\/\/mascotas.academia21brillos.com\/index.php\/contacto\/#breadcrumb\",\"itemListElement\":[{\"@type\":\"ListItem\",\"position\":1,\"name\":\"Portada\",\"item\":\"https:\/\/mascotas.academia21brillos.com\/\"},{\"@type\":\"ListItem\",\"position\":2,\"name\":\"CONTACTO\"}]},{\"@type\":\"WebSite\",\"@id\":\"https:\/\/mascotas.academia21brillos.com\/#website\",\"url\":\"https:\/\/mascotas.academia21brillos.com\/\",\"name\":\"Mascotas felices\",\"description\":\"Tu perlud@ en buenas manos\",\"potentialAction\":[{\"@type\":\"SearchAction\",\"target\":{\"@type\":\"EntryPoint\",\"urlTemplate\":\"https:\/\/mascotas.academia21brillos.com\/?s={search_term_string}\"},\"query-input\":{\"@type\":\"PropertyValueSpecification\",\"valueRequired\":true,\"valueName\":\"search_term_string\"}}],\"inLanguage\":\"es\"}]}<\/script>\n<!-- \/ Yoast SEO plugin. -->","yoast_head_json":{"title":"CONTACTO - Mascotas felices","robots":{"index":"index","follow":"follow","max-snippet":"max-snippet:-1","max-image-preview":"max-image-preview:large","max-video-preview":"max-video-preview:-1"},"canonical":"https:\/\/mascotas.academia21brillos.com\/index.php\/contacto\/","og_locale":"es_ES","og_type":"article","og_title":"CONTACTO - Mascotas felices","og_description":"El amor de una mascota transforma los d\u00edas ordinarios en momentos extraordinarios. M\u00e1s informaci\u00f3n Email: info@academia21brillos.com WhatsApp. Horario Lunes &#8211; Viernes 09:00h &#8211; 19:00h S\u00e1bados 10:00h &#8211; 14:00h","og_url":"https:\/\/mascotas.academia21brillos.com\/index.php\/contacto\/","og_site_name":"Mascotas felices","article_modified_time":"2024-10-18T18:58:15+00:00","og_image":[{"width":34,"height":44,"url":"https:\/\/mascotas.academia21brillos.com\/wp-content\/uploads\/2024\/06\/particles_7.png","type":"image\/png"}],"twitter_card":"summary_large_image","twitter_misc":{"Tiempo de lectura":"1 minuto"},"schema":{"@context":"https:\/\/schema.org","@graph":[{"@type":"WebPage","@id":"https:\/\/mascotas.academia21brillos.com\/index.php\/contacto\/","url":"https:\/\/mascotas.academia21brillos.com\/index.php\/contacto\/","name":"CONTACTO - Mascotas felices","isPartOf":{"@id":"https:\/\/mascotas.academia21brillos.com\/#website"},"primaryImageOfPage":{"@id":"https:\/\/mascotas.academia21brillos.com\/index.php\/contacto\/#primaryimage"},"image":{"@id":"https:\/\/mascotas.academia21brillos.com\/index.php\/contacto\/#primaryimage"},"thumbnailUrl":"https:\/\/mascotas.academia21brillos.com\/wp-content\/uploads\/2024\/06\/particles_7.png","datePublished":"2024-04-13T11:00:07+00:00","dateModified":"2024-10-18T18:58:15+00:00","breadcrumb":{"@id":"https:\/\/mascotas.academia21brillos.com\/index.php\/contacto\/#breadcrumb"},"inLanguage":"es","potentialAction":[{"@type":"ReadAction","target":["https:\/\/mascotas.academia21brillos.com\/index.php\/contacto\/"]}]},{"@type":"ImageObject","inLanguage":"es","@id":"https:\/\/mascotas.academia21brillos.com\/index.php\/contacto\/#primaryimage","url":"https:\/\/mascotas.academia21brillos.com\/wp-content\/uploads\/2024\/06\/particles_7.png","contentUrl":"https:\/\/mascotas.academia21brillos.com\/wp-content\/uploads\/2024\/06\/particles_7.png","width":34,"height":44},{"@type":"BreadcrumbList","@id":"https:\/\/mascotas.academia21brillos.com\/index.php\/contacto\/#breadcrumb","itemListElement":[{"@type":"ListItem","position":1,"name":"Portada","item":"https:\/\/mascotas.academia21brillos.com\/"},{"@type":"ListItem","position":2,"name":"CONTACTO"}]},{"@type":"WebSite","@id":"https:\/\/mascotas.academia21brillos.com\/#website","url":"https:\/\/mascotas.academia21brillos.com\/","name":"Mascotas felices","description":"Tu perlud@ en buenas manos","potentialAction":[{"@type":"SearchAction","target":{"@type":"EntryPoint","urlTemplate":"https:\/\/mascotas.academia21brillos.com\/?s={search_term_string}"},"query-input":{"@type":"PropertyValueSpecification","valueRequired":true,"valueName":"search_term_string"}}],"inLanguage":"es"}]}},"_links":{"self":[{"href":"https:\/\/mascotas.academia21brillos.com\/index.php\/wp-json\/wp\/v2\/pages\/192","targetHints":{"allow":["GET"]}}],"collection":[{"href":"https:\/\/mascotas.academia21brillos.com\/index.php\/wp-json\/wp\/v2\/pages"}],"about":[{"href":"https:\/\/mascotas.academia21brillos.com\/index.php\/wp-json\/wp\/v2\/types\/page"}],"author":[{"embeddable":true,"href":"https:\/\/mascotas.academia21brillos.com\/index.php\/wp-json\/wp\/v2\/users\/1"}],"replies":[{"embeddable":true,"href":"https:\/\/mascotas.academia21brillos.com\/index.php\/wp-json\/wp\/v2\/comments?post=192"}],"version-history":[{"count":16,"href":"https:\/\/mascotas.academia21brillos.com\/index.php\/wp-json\/wp\/v2\/pages\/192\/revisions"}],"predecessor-version":[{"id":617,"href":"https:\/\/mascotas.academia21brillos.com\/index.php\/wp-json\/wp\/v2\/pages\/192\/revisions\/617"}],"wp:attachment":[{"href":"https:\/\/mascotas.academia21brillos.com\/index.php\/wp-json\/wp\/v2\/media?parent=192"}],"curies":[{"name":"wp","href":"https:\/\/api.w.org\/{rel}","templated":true}]}}